{"id":46,"date":"2023-02-08T13:46:57","date_gmt":"2023-02-08T13:46:57","guid":{"rendered":"https:\/\/bbsimmo.de\/?page_id=46"},"modified":"2023-02-13T09:55:10","modified_gmt":"2023-02-13T09:55:10","slug":"ueber-uns","status":"publish","type":"page","link":"https:\/\/bbsimmo.de\/index.php\/ueber-uns\/","title":{"rendered":"\u00dcber uns"},"content":{"rendered":"\n<div class=\"wp-block-columns alignwide is-layout-flex wp-container-3\">\n<div class=\"wp-block-column is-layout-flow\">\n<p>Wir sind eine Holding mit jahrelanger Erfahrung im Bereich Immobilien, Investitionen und Kernsanierungen. Unser Unternehmen wurde von erfahrenen Fachleuten gegr\u00fcndet, die ein tiefes Verst\u00e4ndnis f\u00fcr den Immobilienmarkt und die Bed\u00fcrfnisse unserer Kunden haben.<\/p>\n\n\n\n<p>Dazu nutzen wir unsere fundierte Marktkenntnis und unser Verst\u00e4ndnis f\u00fcr die Bed\u00fcrfnisse unserer Investoren, um ausgew\u00e4hlte Immobilienobjekte zu erwerben, zu sanieren und zu verkaufen. <br>Unser Team setzt sich aus erfahrenen Experten zusammen, die in der Lage sind, schnelle und effiziente Entscheidungen zu treffen. Wir legen gro\u00dfen Wert auf eine gr\u00fcndliche Bewertung und achten auf alle Details, um sicherzustellen, dass jede Investition lukrativ ist. <\/p>\n\n\n\n<p>Durch unsere strategische Planung und unsere F\u00e4higkeit, Objekte erfolgreich zu sanieren, sind wir in der Lage, hochwertige Immobilien bereitzustellen. Wir sind stolz darauf, dass unser Unternehmen als zuverl\u00e4ssiger Partner f\u00fcr erfolgreiche Investitionen im Bereich Immobilien angesehen wird.<\/p>\n<\/div>\n\n\n\n<div class=\"wp-block-column is-layout-flow\">\n<figure class=\"wp-block-image size-large\"><img decoding=\"async\" loading=\"lazy\" width=\"1024\" height=\"763\" src=\"https:\/\/bbsimmo.de\/wp-content\/uploads\/2023\/02\/38856F7A-71DE-42BF-B111-CD1AB7E5B95F_1_201_a-1-1024x763.jpeg\" alt=\"\" class=\"wp-image-140\" srcset=\"https:\/\/bbsimmo.de\/wp-content\/uploads\/2023\/02\/38856F7A-71DE-42BF-B111-CD1AB7E5B95F_1_201_a-1-1024x763.jpeg 1024w, https:\/\/bbsimmo.de\/wp-content\/uploads\/2023\/02\/38856F7A-71DE-42BF-B111-CD1AB7E5B95F_1_201_a-1-300x224.jpeg 300w, https:\/\/bbsimmo.de\/wp-content\/uploads\/2023\/02\/38856F7A-71DE-42BF-B111-CD1AB7E5B95F_1_201_a-1-768x572.jpeg 768w, https:\/\/bbsimmo.de\/wp-content\/uploads\/2023\/02\/38856F7A-71DE-42BF-B111-CD1AB7E5B95F_1_201_a-1-1536x1145.jpeg 1536w, https:\/\/bbsimmo.de\/wp-content\/uploads\/2023\/02\/38856F7A-71DE-42BF-B111-CD1AB7E5B95F_1_201_a-1-2048x1526.jpeg 2048w, https:\/\/bbsimmo.de\/wp-content\/uploads\/2023\/02\/38856F7A-71DE-42BF-B111-CD1AB7E5B95F_1_201_a-1-1568x1168.jpeg 1568w\" sizes=\"(max-width: 1024px) 100vw, 1024px\" \/><\/figure>\n<\/div>\n<\/div>\n","protected":false},"excerpt":{"rendered":"<p>Wir sind eine Holding mit jahrelanger Erfahrung im Bereich Immobilien, Investitionen und Kernsanierungen. Unser Unternehmen wurde von erfahrenen Fachleuten gegr\u00fcndet, die ein tiefes Verst\u00e4ndnis f\u00fcr den Immobilienmarkt und die Bed\u00fcrfnisse unserer Kunden haben. Dazu nutzen wir unsere fundierte Marktkenntnis und unser Verst\u00e4ndnis f\u00fcr die Bed\u00fcrfnisse unserer Investoren, um ausgew\u00e4hlte Immobilienobjekte zu erwerben, zu sanieren und&hellip; <a class=\"more-link\" href=\"https:\/\/bbsimmo.de\/index.php\/ueber-uns\/\"><span class=\"screen-reader-text\">\u00dcber uns<\/span> weiterlesen<\/a><\/p>\n","protected":false},"author":1,"featured_media":0,"parent":0,"menu_order":0,"comment_status":"closed","ping_status":"closed","template":"","meta":{"_uag_custom_page_level_css":""},"uagb_featured_image_src":{"full":false,"thumbnail":false,"medium":false,"medium_large":false,"large":false,"1536x1536":false,"2048x2048":false,"post-thumbnail":false},"uagb_author_info":{"display_name":"admin","author_link":"https:\/\/bbsimmo.de\/index.php\/author\/bbsimmo_admin\/"},"uagb_comment_info":0,"uagb_excerpt":"Wir sind eine Holding mit jahrelanger Erfahrung im Bereich Immobilien, Investitionen und Kernsanierungen. Unser Unternehmen wurde von erfahrenen Fachleuten gegr\u00fcndet, die ein tiefes Verst\u00e4ndnis f\u00fcr den Immobilienmarkt und die Bed\u00fcrfnisse unserer Kunden haben. Dazu nutzen wir unsere fundierte Marktkenntnis und unser Verst\u00e4ndnis f\u00fcr die Bed\u00fcrfnisse unserer Investoren, um ausgew\u00e4hlte Immobilienobjekte zu erwerben, zu sanieren und&hellip;&hellip;","_links":{"self":[{"href":"https:\/\/bbsimmo.de\/index.php\/wp-json\/wp\/v2\/pages\/46"}],"collection":[{"href":"https:\/\/bbsimmo.de\/index.php\/wp-json\/wp\/v2\/pages"}],"about":[{"href":"https:\/\/bbsimmo.de\/index.php\/wp-json\/wp\/v2\/types\/page"}],"author":[{"embeddable":true,"href":"https:\/\/bbsimmo.de\/index.php\/wp-json\/wp\/v2\/users\/1"}],"replies":[{"embeddable":true,"href":"https:\/\/bbsimmo.de\/index.php\/wp-json\/wp\/v2\/comments?post=46"}],"version-history":[{"count":7,"href":"https:\/\/bbsimmo.de\/index.php\/wp-json\/wp\/v2\/pages\/46\/revisions"}],"predecessor-version":[{"id":141,"href":"https:\/\/bbsimmo.de\/index.php\/wp-json\/wp\/v2\/pages\/46\/revisions\/141"}],"wp:attachment":[{"href":"https:\/\/bbsimmo.de\/index.php\/wp-json\/wp\/v2\/media?parent=46"}],"curies":[{"name":"wp","href":"https:\/\/api.w.org\/{rel}","templated":true}]}}